ose y + 20 = 5*y. Suppose 330 = y*c + 10. What is the greatest common factor of c and l?
8
Let k(v) = 29*v - 20. Let m be k(1). What is the highest common divisor of m and 6?
3
Let z(v) = -v + 26. Let m be z(17). Suppose 0 = -m*t + 231 - 6. What is the greatest common divisor of t and 25?
25
Let n = 73 - 11. Let m = -24 + n. Let y be 17 + 11 + -8 + 7/(-7). Calculate the highest common factor of y and m.
19
Suppose 0 = 2*d + 3*g + 6, 25 = 3*d - 2*g - 2*g. Suppose i + d*i = 16. Calculate the greatest common factor of i and 14.
2
Let p(n) be the second derivative of 5/12*n**4 + 0 - 2*n - n**2 + 1/20*n**5 - 2/3*n**3. Let t be p(-5). Calculate the highest common divisor of 27 and t.
9
Suppose 4*q + 23 = 35, -5*c = 4*q - 192. What is the greatest common divisor of c and 30?
6
Let b be 8/4 + (-3)/(-1). Suppose -v = 5*s, 0 = -4*s - 0*s - b*v. Let o be (s - -5)*13/5. What is the greatest common divisor of 143 and o?
13
Let f be -10*(-38)/8*(-8)/(-10). Let p = 215 + f. What is the greatest common factor of p and 23?
23
Suppose -32*a = -46*a + 392. Calculate the highest common factor of 182 and a.
14
Let r be 0/(-4 + (-1 - -2)) + 189. Calculate the highest common divisor of 42 and r.
21
Let b = 62 + -144. Let f = b - -152. Calculate the highest common divisor of 10 and f.
10
Let a be (540/14)/((-5)/(210/(-9))). What is the greatest common factor of a and 200?
20
Let p(n) = -6 + 2 - 6*n + 5*n. Let j be (-78)/5 + 9/15. Let w be p(j). Calculate the highest common divisor of w and 99.
11
Let y = -7 + 17. Let s be 332/5 - 4/y. Let d = -3304 + 3310. What is the highest common factor of s and d?
6
Let b(r) = -r**2 - 8*r - 10. Let d be b(-6). Suppose d*a + 11 = -f + 52, 0 = f - 1. Calculate the highest common factor of a and 30.
10
Let x be 4 + -2 + 74 + -5 + -2. What is the highest common divisor of 23 and x?
23
Let l be ((-6)/5)/((-8)/600). Suppose -60 = -3*j + f, 4*j - f + 3*f = l. What is the highest common divisor of j and 14?
7
Suppose b - 26 = 4*q, -q = -b - b + 31. Let d = -13 + b. Calculate the highest common factor of d and 4.
1
Let f(q) = -q**3 + 4*q**2 + 4*q - 13. Let w be f(4). Suppose 0 - 8 = -4*i. Suppose i*g = w*g - 171. What is the greatest common divisor of 19 and g?
19
Let h(q) = q**3 - 8*q**2 - 7*q - 7. Let d be 7 + (-4)/((-4)/2). Let n be h(d). Let u = n - -1. Calculate the highest common factor of u and 18.
6
Suppose x - q - 68 = 0, -3*x + 196 = -0*x + q. Suppose -166 = -6*c + 98. What is the greatest common factor of x and c?
22
Suppose 875 = 5*u + j, 0 = 2*u + 67*j - 71*j - 372. Calculate the greatest common divisor of 32 and u.
16
Suppose -2*r - 25 = -3*r. Let m = -51 - -76. Suppose 0*w + m = 5*w, -75 = -2*c - 5*w. Calculate the highest common factor of c and r.
25
Let i = -44 + 68. Let q = i - -40. Calculate the highest common divisor of q and 8.
8
Suppose -3*c + 598 = 2*h, 3*c - 2*h - 3*h - 584 = 0. What is the greatest common factor of 27 and c?
9
Let a = -17 - -15. Let w be (-24 - (-6)/a) + -3. Let b be -6*3/w*5. What is the highest common factor of 27 and b?
3
Suppose -4*l + 9 - 17 = 0. Let r be (l + 4)*21/14. Suppose -r*p = -45 - 21. Calculate the highest common divisor of 198 and p.
22
Let i = -523 + 583. What is the greatest common divisor of i and 108?
12
Suppose -4*s + 9*s - 1150 = 0. What is the highest common divisor of 40 and s?
10
Let d = 19 - -4. Suppose -4*s + d + 73 = 0. Let i = 5 - 2. Calculate the greatest common factor of s and i.
3
Let t(x) = -2*x**2 + 8*x + 29. Let k be t(6). Let s = -16 + 3. Let d = s + 18. What is the greatest common factor of d and k?
5
Suppose -4*h - 5*c = -369 - 604, 2*h - 506 = 4*c. Calculate the highest common factor of 152 and h.
19
Suppose -3*i + 4*i = 5. Suppose -i*u + 119 = -106. What is the greatest common divisor of 5 and u?
5
Suppose 4*n - 30 = 2*n. Let b(l) = l**3 + 13*l**2 + 23*l - 38. Let y be b(-12). Let r = y - -275. What is the highest common factor of n and r?
15
Suppose 0*t + 48 = -t. Let u be (9/(-2) - -3)*t. Let i be 20 - (5 - (1 - -2)). What is the greatest common factor of i and u?
18
Let h be 322/9 + 6/27. Let n = 1813 - 1801. Calculate the greatest common divisor of n and h.
12
Let l be 12/((-24)/(-7046)) - -3. Calculate the greatest common factor of l and 82.
82
Let h be 8*(-164)/12*3/(-2). What is the greatest common factor of 1517 and h?
41
Let g be (19 - 1) + (4 - 7). What is the greatest common divisor of g and 10?
5
Suppose -204 = 2800*a - 2804*a. Calculate the greatest common divisor of 816 and a.
51
Suppose -m = m - 10. Suppose -6 = -3*a, m*w - 3*a - 79 = -5*a. What is the greatest common divisor of w and 15?
15
Let t(l) = 12*l + 13. Let v be t(7). Let x = -55 + v. What is the highest common factor of 42 and x?
42
Let g(q) = q**3 - 7*q**2 - 5*q - 10. Let h be g(8). Suppose 0 = -3*s + 12, -4*s = 4*b + s - 76. Calculate the greatest common divisor of b and h.
14
Let v be (-80)/(-4)*(-2 + (-114)/(-30)). Calculate the greatest common factor of 63 and v.
9
Let w = 107 - -131. Calculate the greatest common factor of w and 51.
17
Let m(b) = b**3 - 13*b**2 + 12*b + 2. Let x be m(12). What is the highest common divisor of 19 and x?
1
Let u(g) = -214*g**3 - g**2 - 5*g - 4. Let k be u(-1). What is the highest common divisor of 2675 and k?
107
Suppose 36 = h + 2*x - 5*x, 0 = -4*h + 4*x + 152. What is the highest common factor of h and 351?
39
Let o(c) = -c**3 - 16*c**2 + 17*c + 6. Let y be o(-17). Calculate the greatest common divisor of 18 and y.
6
Let j(z) = z**3 + 14*z**2 + z + 17. Let a be j(-14). Let y be a - 3 - -50 - 2. Let l = -7 - -19. Calculate the greatest common divisor of l and y.
12
Let i = 32 + -27. Suppose 4*s - 172 = -2*q, -i*q + 4 + 6 = 0. What is the highest common divisor of 14 and s?
14
Suppose -20*o = 109 - 469. What is the highest common factor of 12 and o?
6
Suppose -18 = -3*f + 9. Let v be 1/(-4 + 39/f). Suppose 120 = v*g + 5*a, 3*g + 3*a = -0*a + 120. Calculate the greatest common factor of g and 60.
20
Let y(j) = j**2 - 3*j - 5. Let d be y(7). Let o(q) = q**2 + 29*q - 9. Let x be o(5). Calculate the highest common divisor of d and x.
23
Suppose 0 = 10*u - 1957 + 107. Calculate the greatest common divisor of 148 and u.
37
Let w be 314*(1 - 3/2). Let x be w/(-4) - 10/40. Suppose -v = -x - 52. Calculate the highest common factor of 13 and v.
13
Let p(r) = 3*r**2 - 21*r + 19. Let g be p(8). What is the greatest common factor of g and 1161?
43
Suppose 0 = 13*k + 16*k - 580. What is the highest common factor of k and 430?
10
Suppose y - 172 = -4*t + 2*t, 3*y + 4*t - 508 = 0. Suppose y = 2*z + 14. Calculate the highest common factor of z and 25.
25
Let a = -7 + 4. Suppose 4*x = 8*x - 8. Let n be a - ((-36)/1 - x). What is the greatest common factor of 140 and n?
35
Suppose 2*x - 134 = -0*x. Suppose x - 367 = -5*a. What is the highest common factor of 12 and a?
12
Let g(b) = -b**3 - 6*b**2 + 52*b + 22. Let y be g(-11). Calculate the highest common divisor of 99 and y.
11
Let g be -7 - 0 - (75 - 114). Suppose -3*y - 122 = -8*y - 2*w, 5*y - 3*w = 117. What is the greatest common divisor of y and g?
8
Let s(a) = -a**2 + 13*a + 2. Let c be s(13). Suppose 3*h = 6*h - 165. Let i = h + -53. Calculate the greatest common factor of c and i.
2
Suppose 0 = -4*t - 2*r + 42, 0 = -3*t + 4*r + 2 + 2. Suppose -144 = t*m - 14*m. What is the greatest common factor of m and 264?
24
Let o be (0 - -1)*-1 + 122. Suppose -4*u + 3*u + 2 = 0. Let x be ((-2)/(-4))/(u/44). Calculate the highest common factor of x and o.
11
Let w be (-12)/((-87)/21 - -4). Let f be (25/(-4))/((-3)/w). Calculate the highest common factor of 70 and f.
35
Suppose -345 = -5*d - 5. Suppose 436 = -11*i + 2306. What is the greatest common factor of i and d?
34
Suppose 20 = 4*i, 3*i + 132 - 591 = -4*x. Calculate the greatest common factor of x and 74.
37
Let w = 33 - 30. Let r(p) = p**2 + 4*p - 1. Let b be r(w). What is the highest common divisor of 80 and b?
20
Let n(m) = 6*m**2 + 36*m + 72. Let o be n(-5). Calculate the greatest common divisor of o and 1722.
42
Suppose -16*l - 2394 = -25*l. Calculate the highest common divisor of l and 28.
14
Let b be (1408/33)/(-8)*(-138)/4. Calculate the greatest common divisor of 8 and b.
8
Suppose 12*t - 15*t + 15 = 0. Suppose t*q = -2*q + 70. Calculate the greatest